{"id":125,"date":"2017-04-27T23:05:16","date_gmt":"2017-04-27T21:05:16","guid":{"rendered":"https:\/\/helenagospelspirit.de\/gospel\/?page_id=125"},"modified":"2017-05-17T22:08:25","modified_gmt":"2017-05-17T20:08:25","slug":"repertoire","status":"publish","type":"page","link":"https:\/\/helenagospelspirit.de\/gospel\/repertoire\/","title":{"rendered":"Repertoire"},"content":{"rendered":"<table>\n<tbody>\n<tr>\n<td valign=\"top\"><b>H\u00f6rbeispiele:<\/b><\/p>\n<p><a href=\"http:\/\/www.helenagospelspirit.de\/mp3\/shine_your_light_angela.mp3\" target=\"_blank\" rel=\"noopener noreferrer\"><img decoding=\"async\" src=\"http:\/\/www.helenagospelspirit.de\/sound.gif\" alt=\"\" \/> Shine Your Light<br \/>\n<\/a>(1:57 Minuten; Gr\u00f6\u00dfe des Files: 1,1 MByte)<\/p>\n<p><a href=\"http:\/\/www.helenagospelspirit.de\/mp3\/praise_short.mp3\" target=\"_blank\" rel=\"noopener noreferrer\"><img decoding=\"async\" src=\"http:\/\/www.helenagospelspirit.de\/sound.gif\" alt=\"\" \/> Praise Ye the Lord<br \/>\n<\/a>(1:54 Minuten; Gr\u00f6\u00dfe des Files: 1,1 MByte)<\/p>\n<p><a href=\"http:\/\/www.helenagospelspirit.de\/mp3\/god_has_smiled_sara.mp3\" target=\"_blank\" rel=\"noopener noreferrer\"><img decoding=\"async\" src=\"http:\/\/www.helenagospelspirit.de\/sound.gif\" alt=\"\" \/> God Has Smiled on Me<br \/>\n<\/a>(1:30 Minuten; Gr\u00f6\u00dfe des Files: 878 KByte)<\/p>\n<p><a href=\"http:\/\/www.helenagospelspirit.de\/mp3\/god-is.mp3\" target=\"_blank\" rel=\"noopener noreferrer\"><img decoding=\"async\" src=\"http:\/\/www.helenagospelspirit.de\/sound.gif\" alt=\"\" \/> God is<br \/>\n<\/a>(1:36 Minuten; Gr\u00f6\u00dfe des Files: 1,1 MByte)<\/p>\n<p><a href=\"http:\/\/www.helenagospelspirit.de\/mp3\/shackles.mp3\" target=\"_blank\" rel=\"noopener noreferrer\"><img decoding=\"async\" src=\"http:\/\/www.helenagospelspirit.de\/sound.gif\" alt=\"\" \/> Shackles<br \/>\n<\/a>(1:18 Minuten; Gr\u00f6\u00dfe des Files: 918 KByte)<\/p>\n<p><a href=\"http:\/\/www.helenagospelspirit.de\/mp3\/fall_on_me.mp3\" target=\"_blank\" rel=\"noopener noreferrer\"><img decoding=\"async\" src=\"http:\/\/www.helenagospelspirit.de\/sound.gif\" alt=\"\" \/> Fall On Me<br \/>\n<\/a>(2:02 Minuten; Gr\u00f6\u00dfe des Files: 2,5 MByte)<\/p>\n<p><a href=\"http:\/\/www.helenagospelspirit.de\/mp3\/holy_holy.mp3\" target=\"_blank\" rel=\"noopener noreferrer\"><img decoding=\"async\" src=\"http:\/\/www.helenagospelspirit.de\/sound.gif\" alt=\"\" \/> Holy, Holy, Holy<br \/>\n<\/a>(1:26 Minuten; Gr\u00f6\u00dfe des Files: 1,7 MByte)<\/p>\n<p><a href=\"http:\/\/www.helenagospelspirit.de\/mp3\/my_fathers_house.mp3\" target=\"_blank\" rel=\"noopener noreferrer\"><img decoding=\"async\" src=\"http:\/\/www.helenagospelspirit.de\/sound.gif\" alt=\"\" \/> My Fathers House<br \/>\n<\/a>(1:36 Minuten; Gr\u00f6\u00dfe des Files: 2,2 MByte)<\/p>\n<p><a href=\"http:\/\/www.helenagospelspirit.de\/mp3\/joyful_joyful.mp3\" target=\"_blank\" rel=\"noopener noreferrer\"><img decoding=\"async\" src=\"http:\/\/www.helenagospelspirit.de\/sound.gif\" alt=\"\" \/> Joyful Joyful<br \/>\n<\/a>(2:07 Minuten; Gr\u00f6\u00dfe des Files: 2,5 MByte)<\/p>\n<p>Die Songs stammen von unseren CDs<br \/>\n&#8222;I Will Sing Praises&#8220;, &#8222;God Is&#8220; und &#8222;Joyful&#8220;.<\/p>\n<div>\n<p><a href=\"http:\/\/www.helenagospelspirit.de\/gospel\/cds\/\">N\u00e4here Infos zu unseren bisher erschienenen CDs<\/a><\/p>\n<\/div>\n<\/td>\n<td valign=\"top\">\n<div>Songtitel unseres Repertoires:<\/div>\n<p>Ancient of Days<br \/>\nAnointing<br \/>\nBecause of Who Your Are<br \/>\nCall Him Up<br \/>\nCome Let Us Worship the Lord<br \/>\nCome, Now is the Time to Worship<br \/>\nDown By the Riverside<br \/>\nEv&#8217;ry Time I Feel the Spirit<br \/>\nFall on Me<br \/>\nFire<br \/>\nGod is<br \/>\nGod Has Smiled On Me<br \/>\nHe&#8217;s Always Right There by My Side<br \/>\nHe Reigns<br \/>\nHoly Holy Holy<br \/>\nHoly, Holy, Lord God of Hosts<br \/>\nI Do Worship<br \/>\nI Love the Lord<br \/>\nAn Irish Blessing<br \/>\nI&#8217;ve Got a Friend<br \/>\nI Will Follow Him<br \/>\nI Will Sing Praises<br \/>\nJoy, Joy<br \/>\nJoyful, Joyful<br \/>\nJesus, Be a Fence<br \/>\nLift the Savior Up<br \/>\nLord, I Lift Your Name on High<br \/>\nMy Father&#8217;s House<br \/>\nNew Revelation<br \/>\nA New Song<br \/>\nNow Behold the Lamb<br \/>\nOh When the Saints<br \/>\nPraise Ye the Lord<br \/>\nRighteousness, Peace and Joy<br \/>\nShackles<br \/>\nShine Your Light<br \/>\nShout Amen<br \/>\nSoon and Very Soon<br \/>\nStand by Me<br \/>\nThis Litte Light of Mine<br \/>\nTotal Praise<br \/>\nWe Sing Glory<\/p>\n<p>Hark the Herald Angels Sing<br \/>\nVirgin Mary Had a Baby Boy<br \/>\nFeliz Navidad<br \/>\nThe Night That Christ Was Born<\/p>\n<p>&#8230;<br \/>\nnat\u00fcrlich incl. der Klassiker:<br \/>\n&#8222;Oh Happy Day&#8220; und &#8222;Amen&#8220;<\/td>\n<\/tr>\n<\/tbody>\n<\/table>\n","protected":false},"excerpt":{"rendered":"<p>H\u00f6rbeispiele: Shine Your Light (1:57 Minuten; Gr\u00f6\u00dfe des Files: 1,1 MByte) Praise Ye the Lord (1:54 Minuten; Gr\u00f6\u00dfe des Files: 1,1 MByte) God Has Smiled on Me (1:30 Minuten; Gr\u00f6\u00dfe des Files: 878 KByte) God is (1:36 Minuten; Gr\u00f6\u00dfe des Files: 1,1 MByte) Shackles (1:18 Minuten; Gr\u00f6\u00dfe des Files: 918 KByte) Fall On Me (2:02 &hellip; <\/p>\n<p class=\"link-more\"><a href=\"https:\/\/helenagospelspirit.de\/gospel\/repertoire\/\" class=\"more-link\"><span class=\"screen-reader-text\">\u201eRepertoire\u201c <\/span>weiterlesen<\/a><\/p>\n","protected":false},"author":5,"featured_media":0,"parent":0,"menu_order":0,"comment_status":"closed","ping_status":"closed","template":"","meta":{"footnotes":""},"class_list":["post-125","page","type-page","status-publish","hentry"],"_links":{"self":[{"href":"https:\/\/helenagospelspirit.de\/gospel\/wp-json\/wp\/v2\/pages\/125","targetHints":{"allow":["GET"]}}],"collection":[{"href":"https:\/\/helenagospelspirit.de\/gospel\/wp-json\/wp\/v2\/pages"}],"about":[{"href":"https:\/\/helenagospelspirit.de\/gospel\/wp-json\/wp\/v2\/types\/page"}],"author":[{"embeddable":true,"href":"https:\/\/helenagospelspirit.de\/gospel\/wp-json\/wp\/v2\/users\/5"}],"replies":[{"embeddable":true,"href":"https:\/\/helenagospelspirit.de\/gospel\/wp-json\/wp\/v2\/comments?post=125"}],"version-history":[{"count":10,"href":"https:\/\/helenagospelspirit.de\/gospel\/wp-json\/wp\/v2\/pages\/125\/revisions"}],"predecessor-version":[{"id":272,"href":"https:\/\/helenagospelspirit.de\/gospel\/wp-json\/wp\/v2\/pages\/125\/revisions\/272"}],"wp:attachment":[{"href":"https:\/\/helenagospelspirit.de\/gospel\/wp-json\/wp\/v2\/media?parent=125"}],"curies":[{"name":"wp","href":"https:\/\/api.w.org\/{rel}","templated":true}]}}