{"id":447,"date":"2018-05-22T22:24:05","date_gmt":"2018-05-22T20:24:05","guid":{"rendered":"https:\/\/helenagospelspirit.de\/gospel\/?page_id=447"},"modified":"2018-05-22T22:43:04","modified_gmt":"2018-05-22T20:43:04","slug":"datenschutzerklaerung","status":"publish","type":"page","link":"https:\/\/helenagospelspirit.de\/gospel\/datenschutzerklaerung\/","title":{"rendered":"Datenschutzerkl\u00e4rung"},"content":{"rendered":"<h2>Wer wir sind<\/h2>\n<p>Die Adresse unserer Website ist: https:\/\/helenagospelspirit.de\/gospel.<\/p>\n<p>Weitere Informationen und Kontaktdaten zu uns findest Du auf unserer <a href=\"https:\/\/helenagospelspirit.de\/gospel\/kontakt\/\">Kontaktseite<\/a>.<\/p>\n<h2>Welche personenbezogenen Daten wir sammeln und warum wir sie sammeln<\/h2>\n<h3>Mailingliste<\/h3>\n<p>Wenn Du Dich bei uns f\u00fcr die Benachrichtung zu Auftritten (Mailingliste) anmeldest sammeln wir die von Dir angegebenen Daten (Name und Mailadresse). Mit diesen Daten kontaktieren wir dich, wenn wir einen Auftritt bzw. eine Veranstaltung ank\u00fcndigen.<\/p>\n<h3>Cookies<\/h3>\n<p>Falls du ein Konto hast und dich auf dieser Website anmeldest, werden wir ein tempor\u00e4res Cookie setzen, um festzustellen, ob dein Browser Cookies akzeptiert. Dieses Cookie enth\u00e4lt keine personenbezogenen Daten und wird verworfen, wenn du deinen Browser schlie\u00dft.<\/p>\n<h3>Eingebettete Inhalte von anderen Websites<\/h3>\n<p>Beitr\u00e4ge auf dieser Website k\u00f6nnen eingebettete Inhalte beinhalten (z.\u00a0B. Videos, Bilder, Beitr\u00e4ge etc.). Eingebettete Inhalte von anderen Websites verhalten sich exakt so, als ob der Besucher die andere Website besucht h\u00e4tte.<\/p>\n<p>Diese Websites k\u00f6nnen Daten \u00fcber dich sammeln, Cookies benutzen, zus\u00e4tzliche Tracking-Dienste von Dritten einbetten und deine Interaktion mit diesem eingebetteten Inhalt aufzeichnen, inklusive deiner Interaktion mit dem eingebetteten Inhalt, falls du ein Konto hast und auf dieser Website angemeldet bist.<\/p>\n<h3>Analysedienste<\/h3>\n<p>Wir verwenden keine Analysedienste.<\/p>\n<h2>Mit wem wir deine Daten teilen<\/h2>\n<p>Wir teilen keine Daten mit anderen.<\/p>\n<h2>Wie lange wir deine Daten speichern<\/h2>\n<p>Wir speichern Deine angegebenen Daten f\u00fcr die Mailingliste so lange, bis Du Dich von der Liste abmeldest.<\/p>\n<h3><\/h3>\n","protected":false},"excerpt":{"rendered":"<p>Wer wir sind Die Adresse unserer Website ist: https:\/\/helenagospelspirit.de\/gospel. Weitere Informationen und Kontaktdaten zu uns findest Du auf unserer Kontaktseite. Welche personenbezogenen Daten wir sammeln und warum wir sie sammeln Mailingliste Wenn Du Dich bei uns f\u00fcr die Benachrichtung zu Auftritten (Mailingliste) anmeldest sammeln wir die von Dir angegebenen Daten (Name und Mailadresse). Mit diesen &hellip; <\/p>\n<p class=\"link-more\"><a href=\"https:\/\/helenagospelspirit.de\/gospel\/datenschutzerklaerung\/\" class=\"more-link\"><span class=\"screen-reader-text\">\u201eDatenschutzerkl\u00e4rung\u201c <\/span>weiterlesen<\/a><\/p>\n","protected":false},"author":5,"featured_media":0,"parent":0,"menu_order":0,"comment_status":"closed","ping_status":"closed","template":"","meta":{"footnotes":""},"class_list":["post-447","page","type-page","status-publish","hentry"],"_links":{"self":[{"href":"https:\/\/helenagospelspirit.de\/gospel\/wp-json\/wp\/v2\/pages\/447","targetHints":{"allow":["GET"]}}],"collection":[{"href":"https:\/\/helenagospelspirit.de\/gospel\/wp-json\/wp\/v2\/pages"}],"about":[{"href":"https:\/\/helenagospelspirit.de\/gospel\/wp-json\/wp\/v2\/types\/page"}],"author":[{"embeddable":true,"href":"https:\/\/helenagospelspirit.de\/gospel\/wp-json\/wp\/v2\/users\/5"}],"replies":[{"embeddable":true,"href":"https:\/\/helenagospelspirit.de\/gospel\/wp-json\/wp\/v2\/comments?post=447"}],"version-history":[{"count":4,"href":"https:\/\/helenagospelspirit.de\/gospel\/wp-json\/wp\/v2\/pages\/447\/revisions"}],"predecessor-version":[{"id":452,"href":"https:\/\/helenagospelspirit.de\/gospel\/wp-json\/wp\/v2\/pages\/447\/revisions\/452"}],"wp:attachment":[{"href":"https:\/\/helenagospelspirit.de\/gospel\/wp-json\/wp\/v2\/media?parent=447"}],"curies":[{"name":"wp","href":"https:\/\/api.w.org\/{rel}","templated":true}]}}